{"id":97,"date":"2020-04-21T13:00:33","date_gmt":"2020-04-21T11:00:33","guid":{"rendered":"http:\/\/actekine.fr\/?page_id=97"},"modified":"2025-04-12T22:33:34","modified_gmt":"2025-04-12T20:33:34","slug":"les-equipements","status":"publish","type":"page","link":"https:\/\/actekine.fr\/index.php\/les-equipements\/","title":{"rendered":"Le p\u00f4le 3K : la visite"},"content":{"rendered":"\n<p><strong>La volont\u00e9 du<\/strong> <strong>P\u00f4le 3K de Loupian<\/strong> est de proposer une v\u00e9ritable structure de centre de r\u00e9\u00e9ducation et <a href=\"http:\/\/actekine.fr\/index.php\/balneotherapie-2\/\">de baln\u00e9oth\u00e9rapie<\/a> avec notamment du mat\u00e9riel de physioth\u00e9rapie et de r\u00e9\u00e9ducation moderne.<br><br><strong>Ainsi<\/strong>, outre <a href=\"http:\/\/actekine.fr\/index.php\/balneotherapie-2\/\">la piscine de r\u00e9\u00e9ducation<\/a>, chaque masseur-kin\u00e9sith\u00e9rapeute dispose ainsi d&rsquo;une large gamme d&rsquo;appareils qui lui permet de choisir et d&rsquo;orienter ses protocoles de soins pour obtenir un r\u00e9sultat optimal.<\/p>\n\n\n\n<p class=\"has-text-align-center\"><strong>Une petite visite en Vid\u00e9o, \u00e7a vous dit ?<\/strong><\/p>\n\n\n\n<figure class=\"wp-block-embed is-type-video is-provider-youtube wp-block-embed-youtube wp-embed-aspect-16-9 wp-has-aspect-ratio\"><div class=\"wp-block-embed__wrapper\">\n<iframe loading=\"lazy\" title=\"Loupian : P\u00f4le 3K\" width=\"768\" height=\"432\" src=\"https:\/\/www.youtube.com\/embed\/b0eArepNrU8?feature=oembed\" frameborder=\"0\" allow=\"accelerometer; autoplay; clipboard-write; encrypted-media; gyroscope; picture-in-picture; web-share\" referrerpolicy=\"strict-origin-when-cross-origin\" allowfullscreen><\/iframe>\n<\/div><\/figure>\n\n\n\n<div class=\"wp-block-columns is-layout-flex wp-container-core-columns-layout-3 wp-block-columns-is-layout-flex\">\n<div class=\"wp-block-column is-layout-flow wp-block-column-is-layout-flow\" style=\"flex-basis:100%\">\n<div class=\"wp-block-columns is-layout-flex wp-container-core-columns-layout-1 wp-block-columns-is-layout-flex\">\n<div class=\"wp-block-column is-layout-flow wp-block-column-is-layout-flow\" style=\"flex-basis:100%\">\n<p>Quelques appareils de physioth\u00e9rapie :<\/p>\n\n\n\n<ul>\n<li><a href=\"https:\/\/www.ems-dolorclast.com\/fr\/produits\/swiss-dolorclastr-master\" target=\"_blank\" rel=\"noreferrer noopener\">Onde de choc EMS<\/a><\/li>\n\n\n\n<li>WinBack Cryo (Combinaison de froid intense et \u00e9lectrostimulation)<\/li>\n\n\n\n<li>2 WinBack Tecar 3&amp;4 (<a href=\"https:\/\/www.tecartherapie.fr\/\" target=\"_blank\" rel=\"noreferrer noopener\">Tecar th\u00e9rapie<\/a>)<\/li>\n\n\n\n<li>Pressoth\u00e9rapie<\/li>\n\n\n\n<li>Tesla de chez REMED (Stimulations \u00e9lectro-magn\u00e9tiques)<\/li>\n\n\n\n<li>LPG Cellu 6<\/li>\n\n\n\n<li><a href=\"http:\/\/actekine.fr\/index.php\/2020\/09\/15\/cryo-6\/\">Un cryo 6<\/a><strong>\u00ae<\/strong>&nbsp;pour l&rsquo;application ponctuelle de froid intense (cryoth\u00e9rapie)<\/li>\n<\/ul>\n<\/div>\n<\/div>\n\n\n\n<div class=\"wp-block-columns is-layout-flex wp-container-core-columns-layout-2 wp-block-columns-is-layout-flex\">\n<div class=\"wp-block-column is-layout-flow wp-block-column-is-layout-flow\">\n<figure class=\"wp-block-image size-full\"><img loading=\"lazy\" decoding=\"async\" width=\"480\" height=\"640\" src=\"http:\/\/actekine.fr\/wp-content\/uploads\/2023\/11\/IMG_0419-rotated.jpg\" alt=\"\" class=\"wp-image-1004\" srcset=\"https:\/\/actekine.fr\/wp-content\/uploads\/2023\/11\/IMG_0419-rotated.jpg 480w, https:\/\/actekine.fr\/wp-content\/uploads\/2023\/11\/IMG_0419-225x300.jpg 225w\" sizes=\"(max-width: 480px) 100vw, 480px\" \/><\/figure>\n<\/div>\n\n\n\n<div class=\"wp-block-column is-layout-flow wp-block-column-is-layout-flow\">\n<figure class=\"wp-block-image size-full\"><img loading=\"lazy\" decoding=\"async\" width=\"480\" height=\"640\" src=\"http:\/\/actekine.fr\/wp-content\/uploads\/2023\/11\/IMG_0422-rotated.jpg\" alt=\"\" class=\"wp-image-1006\" srcset=\"https:\/\/actekine.fr\/wp-content\/uploads\/2023\/11\/IMG_0422-rotated.jpg 480w, https:\/\/actekine.fr\/wp-content\/uploads\/2023\/11\/IMG_0422-225x300.jpg 225w\" sizes=\"(max-width: 480px) 100vw, 480px\" \/><\/figure>\n<\/div>\n\n\n\n<div class=\"wp-block-column is-layout-flow wp-block-column-is-layout-flow\">\n<figure class=\"wp-block-image size-full\"><img loading=\"lazy\" decoding=\"async\" width=\"480\" height=\"640\" src=\"http:\/\/actekine.fr\/wp-content\/uploads\/2023\/11\/IMG_0421-rotated.jpg\" alt=\"\" class=\"wp-image-1005\" srcset=\"https:\/\/actekine.fr\/wp-content\/uploads\/2023\/11\/IMG_0421-rotated.jpg 480w, https:\/\/actekine.fr\/wp-content\/uploads\/2023\/11\/IMG_0421-225x300.jpg 225w\" sizes=\"(max-width: 480px) 100vw, 480px\" \/><\/figure>\n<\/div>\n<\/div>\n<\/div>\n<\/div>\n\n\n\n<div class=\"wp-block-columns is-layout-flex wp-container-core-columns-layout-4 wp-block-columns-is-layout-flex\">\n<div class=\"wp-block-column is-layout-flow wp-block-column-is-layout-flow\">\n<figure class=\"wp-block-image size-full\"><img loading=\"lazy\" decoding=\"async\" width=\"480\" height=\"640\" src=\"http:\/\/actekine.fr\/wp-content\/uploads\/2023\/11\/IMG_0424-rotated.jpg\" alt=\"\" class=\"wp-image-1007\" srcset=\"https:\/\/actekine.fr\/wp-content\/uploads\/2023\/11\/IMG_0424-rotated.jpg 480w, https:\/\/actekine.fr\/wp-content\/uploads\/2023\/11\/IMG_0424-225x300.jpg 225w\" sizes=\"(max-width: 480px) 100vw, 480px\" \/><\/figure>\n<\/div>\n\n\n\n<div class=\"wp-block-column is-layout-flow wp-block-column-is-layout-flow\">\n<figure class=\"wp-block-image size-full\"><img loading=\"lazy\" decoding=\"async\" width=\"480\" height=\"640\" src=\"http:\/\/actekine.fr\/wp-content\/uploads\/2023\/11\/IMG_0426-rotated.jpg\" alt=\"\" class=\"wp-image-1009\" srcset=\"https:\/\/actekine.fr\/wp-content\/uploads\/2023\/11\/IMG_0426-rotated.jpg 480w, https:\/\/actekine.fr\/wp-content\/uploads\/2023\/11\/IMG_0426-225x300.jpg 225w\" sizes=\"(max-width: 480px) 100vw, 480px\" \/><\/figure>\n<\/div>\n\n\n\n<div class=\"wp-block-column is-layout-flow wp-block-column-is-layout-flow\">\n<figure class=\"wp-block-image size-full\"><img loading=\"lazy\" decoding=\"async\" width=\"480\" height=\"640\" src=\"http:\/\/actekine.fr\/wp-content\/uploads\/2023\/11\/IMG_0428-rotated.jpg\" alt=\"\" class=\"wp-image-1010\" srcset=\"https:\/\/actekine.fr\/wp-content\/uploads\/2023\/11\/IMG_0428-rotated.jpg 480w, https:\/\/actekine.fr\/wp-content\/uploads\/2023\/11\/IMG_0428-225x300.jpg 225w\" sizes=\"(max-width: 480px) 100vw, 480px\" \/><\/figure>\n<\/div>\n<\/div>\n\n\n\n<p><br>Sans oublier les \u00e9quipements du plateau technique<\/p>\n\n\n\n<div class=\"wp-block-columns is-layout-flex wp-container-core-columns-layout-5 wp-block-columns-is-layout-flex\">\n<div class=\"wp-block-column is-layout-flow wp-block-column-is-layout-flow\">\n<figure class=\"wp-block-image size-full\"><img loading=\"lazy\" decoding=\"async\" width=\"480\" height=\"640\" src=\"http:\/\/actekine.fr\/wp-content\/uploads\/2023\/11\/IMG_0417-rotated.jpg\" alt=\"\" class=\"wp-image-1025\" srcset=\"https:\/\/actekine.fr\/wp-content\/uploads\/2023\/11\/IMG_0417-rotated.jpg 480w, https:\/\/actekine.fr\/wp-content\/uploads\/2023\/11\/IMG_0417-225x300.jpg 225w\" sizes=\"(max-width: 480px) 100vw, 480px\" \/><\/figure>\n<\/div>\n\n\n\n<div class=\"wp-block-column is-layout-flow wp-block-column-is-layout-flow\">\n<figure class=\"wp-block-image size-full\"><img loading=\"lazy\" decoding=\"async\" width=\"480\" height=\"640\" src=\"http:\/\/actekine.fr\/wp-content\/uploads\/2023\/11\/IMG_0415-rotated.jpg\" alt=\"\" class=\"wp-image-1023\" srcset=\"https:\/\/actekine.fr\/wp-content\/uploads\/2023\/11\/IMG_0415-rotated.jpg 480w, https:\/\/actekine.fr\/wp-content\/uploads\/2023\/11\/IMG_0415-225x300.jpg 225w\" sizes=\"(max-width: 480px) 100vw, 480px\" \/><\/figure>\n<\/div>\n\n\n\n<div class=\"wp-block-column is-layout-flow wp-block-column-is-layout-flow\">\n<figure class=\"wp-block-image size-full\"><img loading=\"lazy\" decoding=\"async\" width=\"480\" height=\"640\" src=\"http:\/\/actekine.fr\/wp-content\/uploads\/2023\/11\/IMG_0416-rotated.jpg\" alt=\"\" class=\"wp-image-1024\" srcset=\"https:\/\/actekine.fr\/wp-content\/uploads\/2023\/11\/IMG_0416-rotated.jpg 480w, https:\/\/actekine.fr\/wp-content\/uploads\/2023\/11\/IMG_0416-225x300.jpg 225w\" sizes=\"(max-width: 480px) 100vw, 480px\" \/><\/figure>\n<\/div>\n<\/div>\n\n\n\n<div class=\"wp-block-columns is-layout-flex wp-container-core-columns-layout-6 wp-block-columns-is-layout-flex\">\n<div class=\"wp-block-column is-layout-flow wp-block-column-is-layout-flow\">\n<figure class=\"wp-block-image size-full\"><img loading=\"lazy\" decoding=\"async\" width=\"480\" height=\"640\" src=\"http:\/\/actekine.fr\/wp-content\/uploads\/2023\/11\/IMG_0446-rotated.jpg\" alt=\"\" class=\"wp-image-1029\" srcset=\"https:\/\/actekine.fr\/wp-content\/uploads\/2023\/11\/IMG_0446-rotated.jpg 480w, https:\/\/actekine.fr\/wp-content\/uploads\/2023\/11\/IMG_0446-225x300.jpg 225w\" sizes=\"(max-width: 480px) 100vw, 480px\" \/><\/figure>\n<\/div>\n\n\n\n<div class=\"wp-block-column is-layout-flow wp-block-column-is-layout-flow\">\n<figure class=\"wp-block-image size-full\"><img loading=\"lazy\" decoding=\"async\" width=\"480\" height=\"640\" src=\"http:\/\/actekine.fr\/wp-content\/uploads\/2023\/11\/IMG_0445-rotated.jpg\" alt=\"\" class=\"wp-image-1028\" srcset=\"https:\/\/actekine.fr\/wp-content\/uploads\/2023\/11\/IMG_0445-rotated.jpg 480w, https:\/\/actekine.fr\/wp-content\/uploads\/2023\/11\/IMG_0445-225x300.jpg 225w\" sizes=\"(max-width: 480px) 100vw, 480px\" \/><\/figure>\n<\/div>\n\n\n\n<div class=\"wp-block-column is-layout-flow wp-block-column-is-layout-flow\">\n<figure class=\"wp-block-image size-full\"><img loading=\"lazy\" decoding=\"async\" width=\"480\" height=\"640\" src=\"http:\/\/actekine.fr\/wp-content\/uploads\/2023\/11\/IMG_0418-rotated.jpg\" alt=\"\" class=\"wp-image-1026\" srcset=\"https:\/\/actekine.fr\/wp-content\/uploads\/2023\/11\/IMG_0418-rotated.jpg 480w, https:\/\/actekine.fr\/wp-content\/uploads\/2023\/11\/IMG_0418-225x300.jpg 225w\" sizes=\"(max-width: 480px) 100vw, 480px\" \/><\/figure>\n<\/div>\n<\/div>\n\n\n\n<p><\/p>\n\n\n\n<p>&#8230; et les salles de travail (cinq au total)<\/p>\n\n\n\n<div class=\"wp-block-columns are-vertically-aligned-center is-layout-flex wp-container-core-columns-layout-7 wp-block-columns-is-layout-flex\">\n<div class=\"wp-block-column is-vertically-aligned-center is-layout-flow wp-block-column-is-layout-flow\" style=\"flex-basis:33.33%\">\n<figure class=\"wp-block-image size-full\"><img loading=\"lazy\" decoding=\"async\" width=\"480\" height=\"640\" src=\"http:\/\/actekine.fr\/wp-content\/uploads\/2023\/11\/IMG_0429-rotated.jpg\" alt=\"\" class=\"wp-image-1030\" srcset=\"https:\/\/actekine.fr\/wp-content\/uploads\/2023\/11\/IMG_0429-rotated.jpg 480w, https:\/\/actekine.fr\/wp-content\/uploads\/2023\/11\/IMG_0429-225x300.jpg 225w\" sizes=\"(max-width: 480px) 100vw, 480px\" \/><\/figure>\n<\/div>\n\n\n\n<div class=\"wp-block-column is-vertically-aligned-center is-layout-flow wp-block-column-is-layout-flow\" style=\"flex-basis:66.66%\"><div class=\"wp-block-image\">\n<figure class=\"aligncenter size-full is-resized\"><img loading=\"lazy\" decoding=\"async\" width=\"640\" height=\"480\" src=\"http:\/\/actekine.fr\/wp-content\/uploads\/2023\/11\/IMG_0430.jpg\" alt=\"\" class=\"wp-image-1031\" style=\"width:491px;height:auto\" srcset=\"https:\/\/actekine.fr\/wp-content\/uploads\/2023\/11\/IMG_0430.jpg 640w, https:\/\/actekine.fr\/wp-content\/uploads\/2023\/11\/IMG_0430-300x225.jpg 300w\" sizes=\"(max-width: 640px) 100vw, 640px\" \/><\/figure><\/div><\/div>\n<\/div>\n","protected":false},"excerpt":{"rendered":"<p>Visite en images et vid\u00e9o<\/p>\n","protected":false},"author":2,"featured_media":1423,"parent":0,"menu_order":0,"comment_status":"closed","ping_status":"closed","template":"","meta":{"footnotes":""},"yoast_head":"<!-- This site is optimized with the Yoast SEO plugin v21.7 - https:\/\/yoast.com\/wordpress\/plugins\/seo\/ -->\n<title>Le p\u00f4le 3K : la visite - Fr\u00e9d\u00e9ric LINEE, Masseur-Kin\u00e9sith\u00e9rapeute \u00e0 Loupian<\/title>\n<meta name=\"description\" content=\"Equipements de kin\u00e9sith\u00e9rapie pour Fr\u00e9d\u00e9ric Lin\u00e9e \u00e0 Loupian. Installation du plateau technique avec Onde de choc , cryoth\u00e9rapie et baln\u00e9oth\u00e9rapie\" \/>\n<meta name=\"robots\" content=\"index, follow, max-snippet:-1, max-image-preview:large, max-video-preview:-1\" \/>\n<link rel=\"canonical\" href=\"http:\/\/actekine.fr\/index.php\/les-equipements\/\" \/>\n<meta property=\"og:locale\" content=\"fr_FR\" \/>\n<meta property=\"og:type\" content=\"article\" \/>\n<meta property=\"og:title\" content=\"Les \u00e9quipements\" \/>\n<meta property=\"og:description\" content=\"Les \u00e9quipements du cabinet de Loupian avec Fr\u00e9d\u00e9ric Lin\u00e9e masseur-kin\u00e9sith\u00e9rapeute\" \/>\n<meta property=\"og:url\" content=\"http:\/\/actekine.fr\/index.php\/les-equipements\/\" \/>\n<meta property=\"og:site_name\" content=\"Fr\u00e9d\u00e9ric LINEE, Masseur-Kin\u00e9sith\u00e9rapeute \u00e0 Loupian\" \/>\n<meta property=\"article:modified_time\" content=\"2025-04-12T20:33:34+00:00\" \/>\n<meta property=\"og:image\" content=\"http:\/\/actekine.fr\/wp-content\/uploads\/2023\/11\/IMG_0430.jpg\" \/>\n\t<meta property=\"og:image:width\" content=\"640\" \/>\n\t<meta property=\"og:image:height\" content=\"480\" \/>\n\t<meta property=\"og:image:type\" content=\"image\/jpeg\" \/>\n<meta name=\"twitter:card\" content=\"summary_large_image\" \/>\n<meta name=\"twitter:label1\" content=\"Dur\u00e9e de lecture estim\u00e9e\" \/>\n\t<meta name=\"twitter:data1\" content=\"4 minutes\" \/>\n<script type=\"application\/ld+json\" class=\"yoast-schema-graph\">{\"@context\":\"https:\/\/schema.org\",\"@graph\":[{\"@type\":\"WebPage\",\"@id\":\"http:\/\/actekine.fr\/index.php\/les-equipements\/\",\"url\":\"http:\/\/actekine.fr\/index.php\/les-equipements\/\",\"name\":\"Le p\u00f4le 3K : la visite - Fr\u00e9d\u00e9ric LINEE, Masseur-Kin\u00e9sith\u00e9rapeute \u00e0 Loupian\",\"isPartOf\":{\"@id\":\"http:\/\/actekine.fr\/#website\"},\"datePublished\":\"2020-04-21T11:00:33+00:00\",\"dateModified\":\"2025-04-12T20:33:34+00:00\",\"description\":\"Equipements de kin\u00e9sith\u00e9rapie pour Fr\u00e9d\u00e9ric Lin\u00e9e \u00e0 Loupian. Installation du plateau technique avec Onde de choc , cryoth\u00e9rapie et baln\u00e9oth\u00e9rapie\",\"breadcrumb\":{\"@id\":\"http:\/\/actekine.fr\/index.php\/les-equipements\/#breadcrumb\"},\"inLanguage\":\"fr-FR\",\"potentialAction\":[{\"@type\":\"ReadAction\",\"target\":[\"http:\/\/actekine.fr\/index.php\/les-equipements\/\"]}]},{\"@type\":\"BreadcrumbList\",\"@id\":\"http:\/\/actekine.fr\/index.php\/les-equipements\/#breadcrumb\",\"itemListElement\":[{\"@type\":\"ListItem\",\"position\":1,\"name\":\"Accueil\",\"item\":\"http:\/\/actekine.fr\/\"},{\"@type\":\"ListItem\",\"position\":2,\"name\":\"Le p\u00f4le 3K : la visite\"}]},{\"@type\":\"WebSite\",\"@id\":\"http:\/\/actekine.fr\/#website\",\"url\":\"http:\/\/actekine.fr\/\",\"name\":\"Fr\u00e9d\u00e9ric LINEE, Masseur-Kin\u00e9sith\u00e9rapeute \u00e0 Loupian\",\"description\":\"Un site utilisant WordPress\",\"potentialAction\":[{\"@type\":\"SearchAction\",\"target\":{\"@type\":\"EntryPoint\",\"urlTemplate\":\"http:\/\/actekine.fr\/?s={search_term_string}\"},\"query-input\":\"required name=search_term_string\"}],\"inLanguage\":\"fr-FR\"}]}<\/script>\n<!-- \/ Yoast SEO plugin. -->","yoast_head_json":{"title":"Le p\u00f4le 3K : la visite - Fr\u00e9d\u00e9ric LINEE, Masseur-Kin\u00e9sith\u00e9rapeute \u00e0 Loupian","description":"Equipements de kin\u00e9sith\u00e9rapie pour Fr\u00e9d\u00e9ric Lin\u00e9e \u00e0 Loupian. Installation du plateau technique avec Onde de choc , cryoth\u00e9rapie et baln\u00e9oth\u00e9rapie","robots":{"index":"index","follow":"follow","max-snippet":"max-snippet:-1","max-image-preview":"max-image-preview:large","max-video-preview":"max-video-preview:-1"},"canonical":"http:\/\/actekine.fr\/index.php\/les-equipements\/","og_locale":"fr_FR","og_type":"article","og_title":"Les \u00e9quipements","og_description":"Les \u00e9quipements du cabinet de Loupian avec Fr\u00e9d\u00e9ric Lin\u00e9e masseur-kin\u00e9sith\u00e9rapeute","og_url":"http:\/\/actekine.fr\/index.php\/les-equipements\/","og_site_name":"Fr\u00e9d\u00e9ric LINEE, Masseur-Kin\u00e9sith\u00e9rapeute \u00e0 Loupian","article_modified_time":"2025-04-12T20:33:34+00:00","og_image":[{"width":640,"height":480,"url":"http:\/\/actekine.fr\/wp-content\/uploads\/2023\/11\/IMG_0430.jpg","type":"image\/jpeg"}],"twitter_card":"summary_large_image","twitter_misc":{"Dur\u00e9e de lecture estim\u00e9e":"4 minutes"},"schema":{"@context":"https:\/\/schema.org","@graph":[{"@type":"WebPage","@id":"http:\/\/actekine.fr\/index.php\/les-equipements\/","url":"http:\/\/actekine.fr\/index.php\/les-equipements\/","name":"Le p\u00f4le 3K : la visite - Fr\u00e9d\u00e9ric LINEE, Masseur-Kin\u00e9sith\u00e9rapeute \u00e0 Loupian","isPartOf":{"@id":"http:\/\/actekine.fr\/#website"},"datePublished":"2020-04-21T11:00:33+00:00","dateModified":"2025-04-12T20:33:34+00:00","description":"Equipements de kin\u00e9sith\u00e9rapie pour Fr\u00e9d\u00e9ric Lin\u00e9e \u00e0 Loupian. Installation du plateau technique avec Onde de choc , cryoth\u00e9rapie et baln\u00e9oth\u00e9rapie","breadcrumb":{"@id":"http:\/\/actekine.fr\/index.php\/les-equipements\/#breadcrumb"},"inLanguage":"fr-FR","potentialAction":[{"@type":"ReadAction","target":["http:\/\/actekine.fr\/index.php\/les-equipements\/"]}]},{"@type":"BreadcrumbList","@id":"http:\/\/actekine.fr\/index.php\/les-equipements\/#breadcrumb","itemListElement":[{"@type":"ListItem","position":1,"name":"Accueil","item":"http:\/\/actekine.fr\/"},{"@type":"ListItem","position":2,"name":"Le p\u00f4le 3K : la visite"}]},{"@type":"WebSite","@id":"http:\/\/actekine.fr\/#website","url":"http:\/\/actekine.fr\/","name":"Fr\u00e9d\u00e9ric LINEE, Masseur-Kin\u00e9sith\u00e9rapeute \u00e0 Loupian","description":"Un site utilisant WordPress","potentialAction":[{"@type":"SearchAction","target":{"@type":"EntryPoint","urlTemplate":"http:\/\/actekine.fr\/?s={search_term_string}"},"query-input":"required name=search_term_string"}],"inLanguage":"fr-FR"}]}},"_links":{"self":[{"href":"https:\/\/actekine.fr\/index.php\/wp-json\/wp\/v2\/pages\/97"}],"collection":[{"href":"https:\/\/actekine.fr\/index.php\/wp-json\/wp\/v2\/pages"}],"about":[{"href":"https:\/\/actekine.fr\/index.php\/wp-json\/wp\/v2\/types\/page"}],"author":[{"embeddable":true,"href":"https:\/\/actekine.fr\/index.php\/wp-json\/wp\/v2\/users\/2"}],"replies":[{"embeddable":true,"href":"https:\/\/actekine.fr\/index.php\/wp-json\/wp\/v2\/comments?post=97"}],"version-history":[{"count":24,"href":"https:\/\/actekine.fr\/index.php\/wp-json\/wp\/v2\/pages\/97\/revisions"}],"predecessor-version":[{"id":1424,"href":"https:\/\/actekine.fr\/index.php\/wp-json\/wp\/v2\/pages\/97\/revisions\/1424"}],"wp:featuredmedia":[{"embeddable":true,"href":"https:\/\/actekine.fr\/index.php\/wp-json\/wp\/v2\/media\/1423"}],"wp:attachment":[{"href":"https:\/\/actekine.fr\/index.php\/wp-json\/wp\/v2\/media?parent=97"}],"curies":[{"name":"wp","href":"https:\/\/api.w.org\/{rel}","templated":true}]}}