{"id":710,"date":"2021-12-08T17:57:59","date_gmt":"2021-12-08T16:57:59","guid":{"rendered":"http:\/\/actekine.fr\/?page_id=710"},"modified":"2025-02-01T18:35:57","modified_gmt":"2025-02-01T17:35:57","slug":"bonus","status":"publish","type":"page","link":"https:\/\/actekine.fr\/index.php\/bonus\/","title":{"rendered":"Bonus"},"content":{"rendered":"\n<p><strong>Retrouvez avec cette page mes publications, des vid\u00e9os d&rsquo;informations, Esprit Vitalit\u00e9, les bains de mer toute l&rsquo;ann\u00e9e et quelques  peintures<\/strong> (en cliquant sur la rubrique d\u00e9sir\u00e9e)<\/p>\n\n\n\n<ul>\n<li><a href=\"http:\/\/actekine.fr\/index.php\/mes-romans\/\" target=\"_blank\" rel=\"noreferrer noopener\"><strong>Mes romans<\/strong><\/a><\/li>\n\n\n\n<li><a href=\"http:\/\/actekine.fr\/index.php\/infos\/\"><strong>Vid\u00e9os d&rsquo;informations<\/strong><\/a><\/li>\n\n\n\n<li><a href=\"http:\/\/actekine.fr\/index.php\/esprit-vitalite\/\"><strong>Esprit Vitalit\u00e9<\/strong><\/a><a href=\"http:\/\/actekine.fr\/index.php\/esprit-vitalite\/\"><\/a><\/li>\n\n\n\n<li><strong><a href=\"http:\/\/actekine.fr\/index.php\/bains-de-mer\/\">Bains de mer<\/a><\/strong><\/li>\n\n\n\n<li><a href=\"https:\/\/actekine.fr\/index.php\/peintures\/\"><strong>Peintures<\/strong><\/a><\/li>\n<\/ul>\n","protected":false},"excerpt":{"rendered":"<p>Retrouvez avec cette page mes publications, des vid\u00e9os d&rsquo;informations, Esprit Vitalit\u00e9, les bains de mer toute l&rsquo;ann\u00e9e et quelques peintures (en cliquant sur la rubrique d\u00e9sir\u00e9e)<\/p>\n","protected":false},"author":2,"featured_media":0,"parent":0,"menu_order":0,"comment_status":"closed","ping_status":"closed","template":"","meta":{"footnotes":""},"yoast_head":"<!-- This site is optimized with the Yoast SEO plugin v21.7 - https:\/\/yoast.com\/wordpress\/plugins\/seo\/ -->\n<title>Bonus - Fr\u00e9d\u00e9ric LINEE, Masseur-Kin\u00e9sith\u00e9rapeute \u00e0 Loupian<\/title>\n<meta name=\"robots\" content=\"index, follow, max-snippet:-1, max-image-preview:large, max-video-preview:-1\" \/>\n<link rel=\"canonical\" href=\"http:\/\/actekine.fr\/index.php\/bonus\/\" \/>\n<meta property=\"og:locale\" content=\"fr_FR\" \/>\n<meta property=\"og:type\" content=\"article\" \/>\n<meta property=\"og:title\" content=\"Bonus - Fr\u00e9d\u00e9ric LINEE, Masseur-Kin\u00e9sith\u00e9rapeute \u00e0 Loupian\" \/>\n<meta property=\"og:description\" content=\"Retrouvez avec cette page mes publications, des vid\u00e9os d&rsquo;informations, Esprit Vitalit\u00e9, les bains de mer toute l&rsquo;ann\u00e9e et quelques peintures (en cliquant sur la rubrique d\u00e9sir\u00e9e)\" \/>\n<meta property=\"og:url\" content=\"http:\/\/actekine.fr\/index.php\/bonus\/\" \/>\n<meta property=\"og:site_name\" content=\"Fr\u00e9d\u00e9ric LINEE, Masseur-Kin\u00e9sith\u00e9rapeute \u00e0 Loupian\" \/>\n<meta property=\"article:modified_time\" content=\"2025-02-01T17:35:57+00:00\" \/>\n<meta name=\"twitter:card\" content=\"summary_large_image\" \/>\n<meta name=\"twitter:label1\" content=\"Dur\u00e9e de lecture estim\u00e9e\" \/>\n\t<meta name=\"twitter:data1\" content=\"1 minute\" \/>\n<script type=\"application\/ld+json\" class=\"yoast-schema-graph\">{\"@context\":\"https:\/\/schema.org\",\"@graph\":[{\"@type\":\"WebPage\",\"@id\":\"http:\/\/actekine.fr\/index.php\/bonus\/\",\"url\":\"http:\/\/actekine.fr\/index.php\/bonus\/\",\"name\":\"Bonus - Fr\u00e9d\u00e9ric LINEE, Masseur-Kin\u00e9sith\u00e9rapeute \u00e0 Loupian\",\"isPartOf\":{\"@id\":\"http:\/\/actekine.fr\/#website\"},\"datePublished\":\"2021-12-08T16:57:59+00:00\",\"dateModified\":\"2025-02-01T17:35:57+00:00\",\"breadcrumb\":{\"@id\":\"http:\/\/actekine.fr\/index.php\/bonus\/#breadcrumb\"},\"inLanguage\":\"fr-FR\",\"potentialAction\":[{\"@type\":\"ReadAction\",\"target\":[\"http:\/\/actekine.fr\/index.php\/bonus\/\"]}]},{\"@type\":\"BreadcrumbList\",\"@id\":\"http:\/\/actekine.fr\/index.php\/bonus\/#breadcrumb\",\"itemListElement\":[{\"@type\":\"ListItem\",\"position\":1,\"name\":\"Accueil\",\"item\":\"http:\/\/actekine.fr\/\"},{\"@type\":\"ListItem\",\"position\":2,\"name\":\"Bonus\"}]},{\"@type\":\"WebSite\",\"@id\":\"http:\/\/actekine.fr\/#website\",\"url\":\"http:\/\/actekine.fr\/\",\"name\":\"Fr\u00e9d\u00e9ric LINEE, Masseur-Kin\u00e9sith\u00e9rapeute \u00e0 Loupian\",\"description\":\"Un site utilisant WordPress\",\"potentialAction\":[{\"@type\":\"SearchAction\",\"target\":{\"@type\":\"EntryPoint\",\"urlTemplate\":\"http:\/\/actekine.fr\/?s={search_term_string}\"},\"query-input\":\"required name=search_term_string\"}],\"inLanguage\":\"fr-FR\"}]}<\/script>\n<!-- \/ Yoast SEO plugin. -->","yoast_head_json":{"title":"Bonus - Fr\u00e9d\u00e9ric LINEE, Masseur-Kin\u00e9sith\u00e9rapeute \u00e0 Loupian","robots":{"index":"index","follow":"follow","max-snippet":"max-snippet:-1","max-image-preview":"max-image-preview:large","max-video-preview":"max-video-preview:-1"},"canonical":"http:\/\/actekine.fr\/index.php\/bonus\/","og_locale":"fr_FR","og_type":"article","og_title":"Bonus - Fr\u00e9d\u00e9ric LINEE, Masseur-Kin\u00e9sith\u00e9rapeute \u00e0 Loupian","og_description":"Retrouvez avec cette page mes publications, des vid\u00e9os d&rsquo;informations, Esprit Vitalit\u00e9, les bains de mer toute l&rsquo;ann\u00e9e et quelques peintures (en cliquant sur la rubrique d\u00e9sir\u00e9e)","og_url":"http:\/\/actekine.fr\/index.php\/bonus\/","og_site_name":"Fr\u00e9d\u00e9ric LINEE, Masseur-Kin\u00e9sith\u00e9rapeute \u00e0 Loupian","article_modified_time":"2025-02-01T17:35:57+00:00","twitter_card":"summary_large_image","twitter_misc":{"Dur\u00e9e de lecture estim\u00e9e":"1 minute"},"schema":{"@context":"https:\/\/schema.org","@graph":[{"@type":"WebPage","@id":"http:\/\/actekine.fr\/index.php\/bonus\/","url":"http:\/\/actekine.fr\/index.php\/bonus\/","name":"Bonus - Fr\u00e9d\u00e9ric LINEE, Masseur-Kin\u00e9sith\u00e9rapeute \u00e0 Loupian","isPartOf":{"@id":"http:\/\/actekine.fr\/#website"},"datePublished":"2021-12-08T16:57:59+00:00","dateModified":"2025-02-01T17:35:57+00:00","breadcrumb":{"@id":"http:\/\/actekine.fr\/index.php\/bonus\/#breadcrumb"},"inLanguage":"fr-FR","potentialAction":[{"@type":"ReadAction","target":["http:\/\/actekine.fr\/index.php\/bonus\/"]}]},{"@type":"BreadcrumbList","@id":"http:\/\/actekine.fr\/index.php\/bonus\/#breadcrumb","itemListElement":[{"@type":"ListItem","position":1,"name":"Accueil","item":"http:\/\/actekine.fr\/"},{"@type":"ListItem","position":2,"name":"Bonus"}]},{"@type":"WebSite","@id":"http:\/\/actekine.fr\/#website","url":"http:\/\/actekine.fr\/","name":"Fr\u00e9d\u00e9ric LINEE, Masseur-Kin\u00e9sith\u00e9rapeute \u00e0 Loupian","description":"Un site utilisant WordPress","potentialAction":[{"@type":"SearchAction","target":{"@type":"EntryPoint","urlTemplate":"http:\/\/actekine.fr\/?s={search_term_string}"},"query-input":"required name=search_term_string"}],"inLanguage":"fr-FR"}]}},"_links":{"self":[{"href":"https:\/\/actekine.fr\/index.php\/wp-json\/wp\/v2\/pages\/710"}],"collection":[{"href":"https:\/\/actekine.fr\/index.php\/wp-json\/wp\/v2\/pages"}],"about":[{"href":"https:\/\/actekine.fr\/index.php\/wp-json\/wp\/v2\/types\/page"}],"author":[{"embeddable":true,"href":"https:\/\/actekine.fr\/index.php\/wp-json\/wp\/v2\/users\/2"}],"replies":[{"embeddable":true,"href":"https:\/\/actekine.fr\/index.php\/wp-json\/wp\/v2\/comments?post=710"}],"version-history":[{"count":9,"href":"https:\/\/actekine.fr\/index.php\/wp-json\/wp\/v2\/pages\/710\/revisions"}],"predecessor-version":[{"id":1399,"href":"https:\/\/actekine.fr\/index.php\/wp-json\/wp\/v2\/pages\/710\/revisions\/1399"}],"wp:attachment":[{"href":"https:\/\/actekine.fr\/index.php\/wp-json\/wp\/v2\/media?parent=710"}],"curies":[{"name":"wp","href":"https:\/\/api.w.org\/{rel}","templated":true}]}}