{"id":57,"date":"2020-04-21T12:26:32","date_gmt":"2020-04-21T10:26:32","guid":{"rendered":"http:\/\/actekine.fr\/?page_id=57"},"modified":"2025-04-12T22:44:43","modified_gmt":"2025-04-12T20:44:43","slug":"bienvenue","status":"publish","type":"page","link":"https:\/\/actekine.fr\/","title":{"rendered":"Fr\u00e9d\u00e9ric Lin\u00e9e &#8211; Masseur-kin\u00e9sith\u00e9rapeute"},"content":{"rendered":"<div class=\"wp-block-image\">\n<figure class=\"alignleft size-medium\"><img loading=\"lazy\" decoding=\"async\" width=\"200\" height=\"300\" src=\"https:\/\/actekine.fr\/wp-content\/uploads\/2023\/11\/photo_2019-10-27_11-43-05-200x300.jpg\" alt=\"\" class=\"wp-image-1186\" srcset=\"https:\/\/actekine.fr\/wp-content\/uploads\/2023\/11\/photo_2019-10-27_11-43-05-200x300.jpg 200w, https:\/\/actekine.fr\/wp-content\/uploads\/2023\/11\/photo_2019-10-27_11-43-05-682x1024.jpg 682w, https:\/\/actekine.fr\/wp-content\/uploads\/2023\/11\/photo_2019-10-27_11-43-05-768x1152.jpg 768w, https:\/\/actekine.fr\/wp-content\/uploads\/2023\/11\/photo_2019-10-27_11-43-05.jpg 853w\" sizes=\"(max-width: 200px) 100vw, 200px\" \/><\/figure><\/div>\n\n\n<p>Bonjour \u00e0 tous,<\/p>\n\n\n\n<p>Bienvenue sur mon nouveau site d&rsquo;information concernant la masso-kin\u00e9sith\u00e9rapie et la baln\u00e9oth\u00e9rapie <a href=\"https:\/\/actekine.fr\/index.php\/acces\/\">\u00e0 Loupian <\/a>au sein du \u00ab\u00a0<a href=\"https:\/\/youtu.be\/b0eArepNrU8\">P\u00f4le 3K<\/a>\u00a0\u00bb  dans le tr\u00e8s beau d\u00e9partement de l&rsquo;H\u00e9rault (34).<\/p>\n\n\n\n<p>Vous trouverez sur ces pages non seulement les points essentiels pour vos soins, comme <a href=\"https:\/\/actekine.fr\/index.php\/doctolib\/\">la r\u00e9servation en ligne sur Doctolib<\/a>, par t\u00e9l\u00e9phone ou <a href=\"f.linee34@free.fr\">par mail <\/a>mais aussi de nombreux autres sujets ainsi que <a href=\"https:\/\/actekine.fr\/index.php\/les-equipements\/\">la pr\u00e9sentation des \u00e9quipements du P\u00f4le 3K<\/a>.<\/p>\n\n\n\n<p>Alors, restez connect\u00e9s et \u00e0 tr\u00e8s bient\u00f4t.<\/p>\n\n\n\n<p>Cordialement,<br>Fr\u00e9d\u00e9ric Lin\u00e9e<\/p>\n\n\n\n<p><\/p>\n","protected":false},"excerpt":{"rendered":"<p>Bonjour \u00e0 tous, Bienvenue sur mon nouveau site d&rsquo;information concernant la masso-kin\u00e9sith\u00e9rapie et la baln\u00e9oth\u00e9rapie \u00e0 Loupian au sein du \u00ab\u00a0P\u00f4le 3K\u00a0\u00bb dans le tr\u00e8s beau d\u00e9partement de l&rsquo;H\u00e9rault (34). Vous trouverez sur ces pages non seulement les points essentiels pour vos soins, comme la r\u00e9servation en ligne sur Doctolib, par t\u00e9l\u00e9phone ou par mail [&hellip;]<\/p>\n","protected":false},"author":2,"featured_media":0,"parent":0,"menu_order":0,"comment_status":"closed","ping_status":"closed","template":"","meta":{"footnotes":""},"yoast_head":"<!-- This site is optimized with the Yoast SEO plugin v21.7 - https:\/\/yoast.com\/wordpress\/plugins\/seo\/ -->\n<title>Fr\u00e9d\u00e9ric Lin\u00e9e - Masseur-kin\u00e9sith\u00e9rapeute - Fr\u00e9d\u00e9ric LINEE, Masseur-Kin\u00e9sith\u00e9rapeute \u00e0 Loupian<\/title>\n<meta name=\"description\" content=\"Masseur Kin\u00e9sith\u00e9rapeute \u00e0 Loupian Rendez-vous de kin\u00e9\" \/>\n<meta name=\"robots\" content=\"index, follow, max-snippet:-1, max-image-preview:large, max-video-preview:-1\" \/>\n<link rel=\"canonical\" href=\"http:\/\/actekine.fr\/\" \/>\n<meta property=\"og:locale\" content=\"fr_FR\" \/>\n<meta property=\"og:type\" content=\"article\" \/>\n<meta property=\"og:title\" content=\"Fr\u00e9d\u00e9ric LINEE\" \/>\n<meta property=\"og:description\" content=\"Masseur-Kin\u00e9sith\u00e9rapeute \u00e0 % LOUPIAN\" \/>\n<meta property=\"og:url\" content=\"http:\/\/actekine.fr\/\" \/>\n<meta property=\"og:site_name\" content=\"Fr\u00e9d\u00e9ric LINEE, Masseur-Kin\u00e9sith\u00e9rapeute \u00e0 Loupian\" \/>\n<meta property=\"article:modified_time\" content=\"2025-04-12T20:44:43+00:00\" \/>\n<meta property=\"og:image\" content=\"http:\/\/actekine.fr\/wp-content\/uploads\/2023\/11\/photo_2019-10-27_11-43-05.jpg\" \/>\n\t<meta property=\"og:image:width\" content=\"853\" \/>\n\t<meta property=\"og:image:height\" content=\"1280\" \/>\n\t<meta property=\"og:image:type\" content=\"image\/jpeg\" \/>\n<meta name=\"twitter:card\" content=\"summary_large_image\" \/>\n<meta name=\"twitter:image\" content=\"https:\/\/actekine.fr\/wp-content\/uploads\/2020\/04\/photo_2020-04-21_17-00-49.jpg\" \/>\n<meta name=\"twitter:label1\" content=\"Dur\u00e9e de lecture estim\u00e9e\" \/>\n\t<meta name=\"twitter:data1\" content=\"1 minute\" \/>\n<script type=\"application\/ld+json\" class=\"yoast-schema-graph\">{\"@context\":\"https:\/\/schema.org\",\"@graph\":[{\"@type\":\"WebPage\",\"@id\":\"http:\/\/actekine.fr\/\",\"url\":\"http:\/\/actekine.fr\/\",\"name\":\"Fr\u00e9d\u00e9ric Lin\u00e9e - Masseur-kin\u00e9sith\u00e9rapeute - Fr\u00e9d\u00e9ric LINEE, Masseur-Kin\u00e9sith\u00e9rapeute \u00e0 Loupian\",\"isPartOf\":{\"@id\":\"http:\/\/actekine.fr\/#website\"},\"datePublished\":\"2020-04-21T10:26:32+00:00\",\"dateModified\":\"2025-04-12T20:44:43+00:00\",\"description\":\"Masseur Kin\u00e9sith\u00e9rapeute \u00e0 Loupian Rendez-vous de kin\u00e9\",\"breadcrumb\":{\"@id\":\"http:\/\/actekine.fr\/#breadcrumb\"},\"inLanguage\":\"fr-FR\",\"potentialAction\":[{\"@type\":\"ReadAction\",\"target\":[\"http:\/\/actekine.fr\/\"]}]},{\"@type\":\"BreadcrumbList\",\"@id\":\"http:\/\/actekine.fr\/#breadcrumb\",\"itemListElement\":[{\"@type\":\"ListItem\",\"position\":1,\"name\":\"Accueil\",\"item\":\"http:\/\/actekine.fr\/\"},{\"@type\":\"ListItem\",\"position\":2,\"name\":\"Fr\u00e9d\u00e9ric Lin\u00e9e &#8211; Masseur-kin\u00e9sith\u00e9rapeute\"}]},{\"@type\":\"WebSite\",\"@id\":\"http:\/\/actekine.fr\/#website\",\"url\":\"http:\/\/actekine.fr\/\",\"name\":\"Fr\u00e9d\u00e9ric LINEE, Masseur-Kin\u00e9sith\u00e9rapeute \u00e0 Loupian\",\"description\":\"Un site utilisant WordPress\",\"potentialAction\":[{\"@type\":\"SearchAction\",\"target\":{\"@type\":\"EntryPoint\",\"urlTemplate\":\"http:\/\/actekine.fr\/?s={search_term_string}\"},\"query-input\":\"required name=search_term_string\"}],\"inLanguage\":\"fr-FR\"}]}<\/script>\n<!-- \/ Yoast SEO plugin. -->","yoast_head_json":{"title":"Fr\u00e9d\u00e9ric Lin\u00e9e - Masseur-kin\u00e9sith\u00e9rapeute - Fr\u00e9d\u00e9ric LINEE, Masseur-Kin\u00e9sith\u00e9rapeute \u00e0 Loupian","description":"Masseur Kin\u00e9sith\u00e9rapeute \u00e0 Loupian Rendez-vous de kin\u00e9","robots":{"index":"index","follow":"follow","max-snippet":"max-snippet:-1","max-image-preview":"max-image-preview:large","max-video-preview":"max-video-preview:-1"},"canonical":"http:\/\/actekine.fr\/","og_locale":"fr_FR","og_type":"article","og_title":"Fr\u00e9d\u00e9ric LINEE","og_description":"Masseur-Kin\u00e9sith\u00e9rapeute \u00e0 % LOUPIAN","og_url":"http:\/\/actekine.fr\/","og_site_name":"Fr\u00e9d\u00e9ric LINEE, Masseur-Kin\u00e9sith\u00e9rapeute \u00e0 Loupian","article_modified_time":"2025-04-12T20:44:43+00:00","og_image":[{"width":853,"height":1280,"url":"http:\/\/actekine.fr\/wp-content\/uploads\/2023\/11\/photo_2019-10-27_11-43-05.jpg","type":"image\/jpeg"}],"twitter_card":"summary_large_image","twitter_image":"https:\/\/actekine.fr\/wp-content\/uploads\/2020\/04\/photo_2020-04-21_17-00-49.jpg","twitter_misc":{"Dur\u00e9e de lecture estim\u00e9e":"1 minute"},"schema":{"@context":"https:\/\/schema.org","@graph":[{"@type":"WebPage","@id":"http:\/\/actekine.fr\/","url":"http:\/\/actekine.fr\/","name":"Fr\u00e9d\u00e9ric Lin\u00e9e - Masseur-kin\u00e9sith\u00e9rapeute - Fr\u00e9d\u00e9ric LINEE, Masseur-Kin\u00e9sith\u00e9rapeute \u00e0 Loupian","isPartOf":{"@id":"http:\/\/actekine.fr\/#website"},"datePublished":"2020-04-21T10:26:32+00:00","dateModified":"2025-04-12T20:44:43+00:00","description":"Masseur Kin\u00e9sith\u00e9rapeute \u00e0 Loupian Rendez-vous de kin\u00e9","breadcrumb":{"@id":"http:\/\/actekine.fr\/#breadcrumb"},"inLanguage":"fr-FR","potentialAction":[{"@type":"ReadAction","target":["http:\/\/actekine.fr\/"]}]},{"@type":"BreadcrumbList","@id":"http:\/\/actekine.fr\/#breadcrumb","itemListElement":[{"@type":"ListItem","position":1,"name":"Accueil","item":"http:\/\/actekine.fr\/"},{"@type":"ListItem","position":2,"name":"Fr\u00e9d\u00e9ric Lin\u00e9e &#8211; Masseur-kin\u00e9sith\u00e9rapeute"}]},{"@type":"WebSite","@id":"http:\/\/actekine.fr\/#website","url":"http:\/\/actekine.fr\/","name":"Fr\u00e9d\u00e9ric LINEE, Masseur-Kin\u00e9sith\u00e9rapeute \u00e0 Loupian","description":"Un site utilisant WordPress","potentialAction":[{"@type":"SearchAction","target":{"@type":"EntryPoint","urlTemplate":"http:\/\/actekine.fr\/?s={search_term_string}"},"query-input":"required name=search_term_string"}],"inLanguage":"fr-FR"}]}},"_links":{"self":[{"href":"https:\/\/actekine.fr\/index.php\/wp-json\/wp\/v2\/pages\/57"}],"collection":[{"href":"https:\/\/actekine.fr\/index.php\/wp-json\/wp\/v2\/pages"}],"about":[{"href":"https:\/\/actekine.fr\/index.php\/wp-json\/wp\/v2\/types\/page"}],"author":[{"embeddable":true,"href":"https:\/\/actekine.fr\/index.php\/wp-json\/wp\/v2\/users\/2"}],"replies":[{"embeddable":true,"href":"https:\/\/actekine.fr\/index.php\/wp-json\/wp\/v2\/comments?post=57"}],"version-history":[{"count":18,"href":"https:\/\/actekine.fr\/index.php\/wp-json\/wp\/v2\/pages\/57\/revisions"}],"predecessor-version":[{"id":1426,"href":"https:\/\/actekine.fr\/index.php\/wp-json\/wp\/v2\/pages\/57\/revisions\/1426"}],"wp:attachment":[{"href":"https:\/\/actekine.fr\/index.php\/wp-json\/wp\/v2\/media?parent=57"}],"curies":[{"name":"wp","href":"https:\/\/api.w.org\/{rel}","templated":true}]}}