{"id":216,"date":"2020-04-22T17:32:38","date_gmt":"2020-04-22T15:32:38","guid":{"rendered":"http:\/\/actekine.fr\/?page_id=216"},"modified":"2024-02-04T16:28:13","modified_gmt":"2024-02-04T15:28:13","slug":"kine-respiratoire-du-nourrisson","status":"publish","type":"page","link":"https:\/\/actekine.fr\/index.php\/kine-respiratoire-du-nourrisson\/","title":{"rendered":"Kin\u00e9 respiratoire du nourrisson"},"content":{"rendered":"\n<p><strong>En 1992<\/strong>, d\u00e8s mon installation \u00e0 Chambourcy dans les Yvelines (78) ,  je m&rsquo;engage dans la voie de la prise en charge des enfants en kin\u00e9sith\u00e9rapie respiratoire au cabinet et \u00e0 domicile. En <strong>1997<\/strong>, je cr\u00e9e un service de garde de kin\u00e9sith\u00e9rapie respiratoire sur les villes de Saint-Germain-en-Laye, Poissy, Aigremont, Fourqueux et Chambourcy et participe \u00e0 la cr\u00e9ation des gardes du centre hospitalier intercommunal de Poissy-St-Germain  et du r\u00e9seau Bronchiolite \u00cele-de-France (ARB).<\/p>\n\n\n\n<p><strong>Aujourd&rsquo;hui <\/strong>install\u00e9 \u00e0 Loupian (34), je propose toujours les soins de kin\u00e9sith\u00e9rapie respiratoire de l&rsquo;enfant et du nourrisson (<em>comme ceux de l&rsquo;adulte par ailleurs<\/em>).<\/p>\n\n\n\n<p>MIEUX COMPRENDRE la BRONCHIOLITE<\/p>\n\n\n<div class=\"wp-block-image\">\n<figure class=\"aligncenter size-medium\"><img loading=\"lazy\" decoding=\"async\" width=\"300\" height=\"225\" src=\"http:\/\/actekine.fr\/wp-content\/uploads\/2020\/04\/b\u00e9b\u00e9-300x225.gif\" alt=\"\" class=\"wp-image-232\"\/><\/figure><\/div>\n\n\n<p>L&rsquo;enfant tousse, s&rsquo;essouffle et le passage de l&rsquo;air dans ses bronches provoque un sifflement perceptible \u00e0 l&rsquo;auscultation et parfois m\u00eame \u00e0 l&rsquo;oreille.<br>Il s&rsquo;agit le plus souvent&nbsp;d&rsquo;infections virales saisonni\u00e8res, qui atteignent particuli\u00e8rement l&rsquo;enfant de moins de deux ans et se caract\u00e9risent par une obstruction des bronches de petits calibres, les bronchioles.<br>Le responsable est un virus&nbsp;(VRS, Virus Respiratoire Syncitial) qui provoque une \u00e9pid\u00e9mie chaque hiver d&rsquo;octobre \u00e0 mars .<br><br>La bronchiolite \u00e9volue en deux \u00e9tapes&nbsp;:<br>Tout commence&nbsp;par un banal rhume ou rhinite, parfois sans fi\u00e8vre ni aucun signe inqui\u00e9tant&nbsp;: c&rsquo;est une atteinte des voies respiratoires a\u00e9riennes (le pharynx et le nez sont les portes d&rsquo;entr\u00e9e du virus VRS).<br>Les sympt\u00f4mes&nbsp;: un nez qui coule, une toux, des sibillances, une difficult\u00e9 \u00e0 manger et \u00e0 dormir ainsi que des secr\u00e9tions plus ou moins pr\u00e9sentes.<br>La deuxi\u00e8me \u00e9tape&nbsp;se concr\u00e9tise par une atteinte des voies a\u00e9riennes intra-thoraciques (2 \u00e0 3 jours).<br>Dans un cas sur cinq, l&rsquo;infection ne se r\u00e9sout pas spontan\u00e9ment et se propage vers les bronches et les bronchioles.<br>Cette atteinte se caract\u00e9rise&nbsp;au niveau physiopathologique par une infiltration bronchiolaire, des s\u00e9cr\u00e9tions bronchiques, avec formation de bouchons muqueux, ralentissement de l&rsquo;activit\u00e9 ciliaires, et bronchospasme.<\/p>\n\n\n\n<p>Les nourrissons \u00e2g\u00e9s de 3 \u00e0 9 mois&nbsp;sont les plus expos\u00e9s au risque de bronchiolite, pour des raisons anatomiques, notamment, qui tiennent au calibre des bronchioles.<br>Cette g\u00eane respiratoire&nbsp;peut occasionner un \u00e9puisement du nourrisson mais \u00e9galement des troubles de l&rsquo;alimentation (vomissements\u2026).<\/p>\n\n\n\n<p>LE D\u00c9ROULEMENT d&rsquo;une S\u00c9ANCE<\/p>\n\n\n\n<p>Le premier souci du kin\u00e9sith\u00e9rapeute&nbsp;est de rassurer les parents en les informant et de faire un bilan de l&rsquo;\u00e9tat de l&rsquo;enfant (sympt\u00f4mes, toux du b\u00e9b\u00e9, alimentation, \u00e9tat g\u00e9n\u00e9ral, traitement, ant\u00e9c\u00e9dents de bronchiolite et aussi fr\u00e9quence des mouvements du thorax, auscultation pulmonaire, etc&#8230;).<br>Il faut souvent aussi expliquer aux parents le caract\u00e8re non douloureux des s\u00e9ances sans oublier de leur parler de pr\u00e9vention (<a href=\"https:\/\/actekine.fr\/index.php\/2022\/11\/03\/prevenir-la-bronchiolite\/\" target=\"_blank\" rel=\"noreferrer noopener\">cf. article<\/a>)<\/p>\n\n\n\n<p>La s\u00e9ance commence par le d\u00e9sencombrement des voies a\u00e9riennes sup\u00e9rieures. C&rsquo;est un geste primordial pour le nourrisson qui lui permet de retrouver une respiration libre.  Il se pratique par un lavage ou d\u00e9sobstruction du nez par instillation de s\u00e9rum physiologique <em>(la technique de lavage et de mouchage sera apprise aux parents<\/em>).<\/p>\n\n\n\n<p>Puis, c&rsquo;est la m\u00e9thode d&rsquo;acc\u00e9l\u00e9ration du flux expiratoire (AFE) qui est utilis\u00e9e pour le d\u00e9sencombrement bronchique. Le praticien&nbsp;place une main thoracique et une main abdominale. La pression exerc\u00e9e sur le thorax et l&rsquo;abdomen en phase expiratoire permet d&rsquo;amener les s\u00e9cr\u00e9tions dans la trach\u00e9e (cf.vid\u00e9o).<br>Souvent impressionnante pour les parents, ces pressions s&rsquo;exercent sur la cage thoracique du b\u00e9b\u00e9, qui, \u00e0 cet \u00e2ge, est tr\u00e8s souple.<br>Enfin, la technique de la toux provoqu\u00e9e, permet si besoin de stimuler le r\u00e9flexe de toux.<\/p>\n\n\n\n<p>Les s\u00e9ances sont quotidiennes, elles permettent non seulement le d\u00e9sencombrement de l&rsquo;enfant mais aussi la surveillance de l&rsquo;\u00e9volution de la bronchiolite. <\/p>\n\n\n\n<p>Vous pouvez t\u00e9l\u00e9charger le document \u00e9dit\u00e9 par le Minist\u00e8re de la Sant\u00e9 et l&rsquo;INPES en suivant ce lien : <a rel=\"noreferrer noopener\" href=\"http:\/\/actekine.fr\/wp-content\/uploads\/2020\/04\/bronchiolite.pdf\" target=\"_blank\">Pdf Bronchiolite de l&rsquo;enfant<\/a> et regarder la vid\u00e9o. <\/p>\n\n\n\n<figure class=\"wp-block-embed is-type-video is-provider-youtube wp-block-embed-youtube wp-embed-aspect-16-9 wp-has-aspect-ratio\"><div class=\"wp-block-embed__wrapper\">\n<iframe loading=\"lazy\" title=\"Bronchiolite : la kin\u00e9 respiratoire en images\" width=\"768\" height=\"432\" src=\"https:\/\/www.youtube.com\/embed\/CEY6PE8BxT8?feature=oembed\" frameborder=\"0\" allow=\"accelerometer; autoplay; clipboard-write; encrypted-media; gyroscope; picture-in-picture; web-share\" allowfullscreen><\/iframe>\n<\/div><\/figure>\n","protected":false},"excerpt":{"rendered":"<p>En 1992, d\u00e8s mon installation \u00e0 Chambourcy dans les Yvelines (78) , je m&rsquo;engage dans la voie de la prise en charge des enfants en kin\u00e9sith\u00e9rapie respiratoire au cabinet et \u00e0 domicile. En 1997, je cr\u00e9e un service de garde de kin\u00e9sith\u00e9rapie respiratoire sur les villes de Saint-Germain-en-Laye, Poissy, Aigremont, Fourqueux et Chambourcy et participe [&hellip;]<\/p>\n","protected":false},"author":2,"featured_media":0,"parent":0,"menu_order":0,"comment_status":"closed","ping_status":"closed","template":"","meta":{"footnotes":""},"yoast_head":"<!-- This site is optimized with the Yoast SEO plugin v21.7 - https:\/\/yoast.com\/wordpress\/plugins\/seo\/ -->\n<title>Kin\u00e9 respiratoire du nourrisson - Fr\u00e9d\u00e9ric LINEE, Masseur-Kin\u00e9sith\u00e9rapeute \u00e0 Loupian<\/title>\n<meta name=\"robots\" content=\"index, follow, max-snippet:-1, max-image-preview:large, max-video-preview:-1\" \/>\n<link rel=\"canonical\" href=\"http:\/\/actekine.fr\/index.php\/kine-respiratoire-du-nourrisson\/\" \/>\n<meta property=\"og:locale\" content=\"fr_FR\" \/>\n<meta property=\"og:type\" content=\"article\" \/>\n<meta property=\"og:title\" content=\"Kin\u00e9 respiratoire du nourrisson - Fr\u00e9d\u00e9ric LINEE, Masseur-Kin\u00e9sith\u00e9rapeute \u00e0 Loupian\" \/>\n<meta property=\"og:description\" content=\"En 1992, d\u00e8s mon installation \u00e0 Chambourcy dans les Yvelines (78) , je m&rsquo;engage dans la voie de la prise en charge des enfants en kin\u00e9sith\u00e9rapie respiratoire au cabinet et \u00e0 domicile. En 1997, je cr\u00e9e un service de garde de kin\u00e9sith\u00e9rapie respiratoire sur les villes de Saint-Germain-en-Laye, Poissy, Aigremont, Fourqueux et Chambourcy et participe [&hellip;]\" \/>\n<meta property=\"og:url\" content=\"http:\/\/actekine.fr\/index.php\/kine-respiratoire-du-nourrisson\/\" \/>\n<meta property=\"og:site_name\" content=\"Fr\u00e9d\u00e9ric LINEE, Masseur-Kin\u00e9sith\u00e9rapeute \u00e0 Loupian\" \/>\n<meta property=\"article:modified_time\" content=\"2024-02-04T15:28:13+00:00\" \/>\n<meta name=\"twitter:card\" content=\"summary_large_image\" \/>\n<meta name=\"twitter:label1\" content=\"Dur\u00e9e de lecture estim\u00e9e\" \/>\n\t<meta name=\"twitter:data1\" content=\"4 minutes\" \/>\n<script type=\"application\/ld+json\" class=\"yoast-schema-graph\">{\"@context\":\"https:\/\/schema.org\",\"@graph\":[{\"@type\":\"WebPage\",\"@id\":\"http:\/\/actekine.fr\/index.php\/kine-respiratoire-du-nourrisson\/\",\"url\":\"http:\/\/actekine.fr\/index.php\/kine-respiratoire-du-nourrisson\/\",\"name\":\"Kin\u00e9 respiratoire du nourrisson - Fr\u00e9d\u00e9ric LINEE, Masseur-Kin\u00e9sith\u00e9rapeute \u00e0 Loupian\",\"isPartOf\":{\"@id\":\"http:\/\/actekine.fr\/#website\"},\"datePublished\":\"2020-04-22T15:32:38+00:00\",\"dateModified\":\"2024-02-04T15:28:13+00:00\",\"breadcrumb\":{\"@id\":\"http:\/\/actekine.fr\/index.php\/kine-respiratoire-du-nourrisson\/#breadcrumb\"},\"inLanguage\":\"fr-FR\",\"potentialAction\":[{\"@type\":\"ReadAction\",\"target\":[\"http:\/\/actekine.fr\/index.php\/kine-respiratoire-du-nourrisson\/\"]}]},{\"@type\":\"BreadcrumbList\",\"@id\":\"http:\/\/actekine.fr\/index.php\/kine-respiratoire-du-nourrisson\/#breadcrumb\",\"itemListElement\":[{\"@type\":\"ListItem\",\"position\":1,\"name\":\"Accueil\",\"item\":\"http:\/\/actekine.fr\/\"},{\"@type\":\"ListItem\",\"position\":2,\"name\":\"Kin\u00e9 respiratoire du nourrisson\"}]},{\"@type\":\"WebSite\",\"@id\":\"http:\/\/actekine.fr\/#website\",\"url\":\"http:\/\/actekine.fr\/\",\"name\":\"Fr\u00e9d\u00e9ric LINEE, Masseur-Kin\u00e9sith\u00e9rapeute \u00e0 Loupian\",\"description\":\"Un site utilisant WordPress\",\"potentialAction\":[{\"@type\":\"SearchAction\",\"target\":{\"@type\":\"EntryPoint\",\"urlTemplate\":\"http:\/\/actekine.fr\/?s={search_term_string}\"},\"query-input\":\"required name=search_term_string\"}],\"inLanguage\":\"fr-FR\"}]}<\/script>\n<!-- \/ Yoast SEO plugin. -->","yoast_head_json":{"title":"Kin\u00e9 respiratoire du nourrisson - Fr\u00e9d\u00e9ric LINEE, Masseur-Kin\u00e9sith\u00e9rapeute \u00e0 Loupian","robots":{"index":"index","follow":"follow","max-snippet":"max-snippet:-1","max-image-preview":"max-image-preview:large","max-video-preview":"max-video-preview:-1"},"canonical":"http:\/\/actekine.fr\/index.php\/kine-respiratoire-du-nourrisson\/","og_locale":"fr_FR","og_type":"article","og_title":"Kin\u00e9 respiratoire du nourrisson - Fr\u00e9d\u00e9ric LINEE, Masseur-Kin\u00e9sith\u00e9rapeute \u00e0 Loupian","og_description":"En 1992, d\u00e8s mon installation \u00e0 Chambourcy dans les Yvelines (78) , je m&rsquo;engage dans la voie de la prise en charge des enfants en kin\u00e9sith\u00e9rapie respiratoire au cabinet et \u00e0 domicile. En 1997, je cr\u00e9e un service de garde de kin\u00e9sith\u00e9rapie respiratoire sur les villes de Saint-Germain-en-Laye, Poissy, Aigremont, Fourqueux et Chambourcy et participe [&hellip;]","og_url":"http:\/\/actekine.fr\/index.php\/kine-respiratoire-du-nourrisson\/","og_site_name":"Fr\u00e9d\u00e9ric LINEE, Masseur-Kin\u00e9sith\u00e9rapeute \u00e0 Loupian","article_modified_time":"2024-02-04T15:28:13+00:00","twitter_card":"summary_large_image","twitter_misc":{"Dur\u00e9e de lecture estim\u00e9e":"4 minutes"},"schema":{"@context":"https:\/\/schema.org","@graph":[{"@type":"WebPage","@id":"http:\/\/actekine.fr\/index.php\/kine-respiratoire-du-nourrisson\/","url":"http:\/\/actekine.fr\/index.php\/kine-respiratoire-du-nourrisson\/","name":"Kin\u00e9 respiratoire du nourrisson - Fr\u00e9d\u00e9ric LINEE, Masseur-Kin\u00e9sith\u00e9rapeute \u00e0 Loupian","isPartOf":{"@id":"http:\/\/actekine.fr\/#website"},"datePublished":"2020-04-22T15:32:38+00:00","dateModified":"2024-02-04T15:28:13+00:00","breadcrumb":{"@id":"http:\/\/actekine.fr\/index.php\/kine-respiratoire-du-nourrisson\/#breadcrumb"},"inLanguage":"fr-FR","potentialAction":[{"@type":"ReadAction","target":["http:\/\/actekine.fr\/index.php\/kine-respiratoire-du-nourrisson\/"]}]},{"@type":"BreadcrumbList","@id":"http:\/\/actekine.fr\/index.php\/kine-respiratoire-du-nourrisson\/#breadcrumb","itemListElement":[{"@type":"ListItem","position":1,"name":"Accueil","item":"http:\/\/actekine.fr\/"},{"@type":"ListItem","position":2,"name":"Kin\u00e9 respiratoire du nourrisson"}]},{"@type":"WebSite","@id":"http:\/\/actekine.fr\/#website","url":"http:\/\/actekine.fr\/","name":"Fr\u00e9d\u00e9ric LINEE, Masseur-Kin\u00e9sith\u00e9rapeute \u00e0 Loupian","description":"Un site utilisant WordPress","potentialAction":[{"@type":"SearchAction","target":{"@type":"EntryPoint","urlTemplate":"http:\/\/actekine.fr\/?s={search_term_string}"},"query-input":"required name=search_term_string"}],"inLanguage":"fr-FR"}]}},"_links":{"self":[{"href":"https:\/\/actekine.fr\/index.php\/wp-json\/wp\/v2\/pages\/216"}],"collection":[{"href":"https:\/\/actekine.fr\/index.php\/wp-json\/wp\/v2\/pages"}],"about":[{"href":"https:\/\/actekine.fr\/index.php\/wp-json\/wp\/v2\/types\/page"}],"author":[{"embeddable":true,"href":"https:\/\/actekine.fr\/index.php\/wp-json\/wp\/v2\/users\/2"}],"replies":[{"embeddable":true,"href":"https:\/\/actekine.fr\/index.php\/wp-json\/wp\/v2\/comments?post=216"}],"version-history":[{"count":9,"href":"https:\/\/actekine.fr\/index.php\/wp-json\/wp\/v2\/pages\/216\/revisions"}],"predecessor-version":[{"id":1285,"href":"https:\/\/actekine.fr\/index.php\/wp-json\/wp\/v2\/pages\/216\/revisions\/1285"}],"wp:attachment":[{"href":"https:\/\/actekine.fr\/index.php\/wp-json\/wp\/v2\/media?parent=216"}],"curies":[{"name":"wp","href":"https:\/\/api.w.org\/{rel}","templated":true}]}}