{"id":1250,"date":"2024-01-08T18:59:47","date_gmt":"2024-01-08T17:59:47","guid":{"rendered":"https:\/\/actekine.fr\/?page_id=1250"},"modified":"2025-03-27T14:18:48","modified_gmt":"2025-03-27T13:18:48","slug":"massages-a-domicile","status":"publish","type":"page","link":"https:\/\/actekine.fr\/index.php\/massages-a-domicile\/","title":{"rendered":"Massages \u00e0 domicile*"},"content":{"rendered":"\n<p class=\"has-text-align-left\">S&rsquo;offrir un massage \u00e0 domicile* <strong>c&rsquo;est s&rsquo;autoriser une pause pour s&rsquo;\u00e9vader: un temps pour soi<\/strong>.<\/p>\n\n\n<div class=\"wp-block-image\">\n<figure class=\"aligncenter size-full is-resized\"><img loading=\"lazy\" decoding=\"async\" width=\"320\" height=\"210\" src=\"http:\/\/actekine.fr\/wp-content\/uploads\/2020\/05\/massage.jpg\" alt=\"\" class=\"wp-image-453\" style=\"width:352px;height:auto\" srcset=\"https:\/\/actekine.fr\/wp-content\/uploads\/2020\/05\/massage.jpg 320w, https:\/\/actekine.fr\/wp-content\/uploads\/2020\/05\/massage-300x197.jpg 300w\" sizes=\"(max-width: 320px) 100vw, 320px\" \/><\/figure><\/div>\n\n\n<p>Certes, certains de mes protocoles th\u00e9rapeutiques au cabinet sont constitu\u00e9s de massages  (<a href=\"https:\/\/actekine.fr\/index.php\/massagestherapeutiques\/\" target=\"_blank\" rel=\"noreferrer noopener\">cf. lien<\/a>), <strong>je propose aussi des massages de confort \u00e0 domicile.<\/strong><\/p>\n\n\n\n<p>Vous \u00eates unique, alors chacune de vos s\u00e9ances le sera aussi et s&rsquo;adaptera \u00e0 vos attentes <em>(massages sur table)<\/em><\/p>\n\n\n\n<p>Dur\u00e9es &amp; Tarifs :<br> <strong>60 euros sur secteur pr\u00e9d\u00e9fini <\/strong>(<em>sans prise en charge SS<\/em>) pour  <strong>45 minutes de massage<\/strong><br> <strong>100 euros sur secteur pr\u00e9d\u00e9fini <\/strong>(<em>sans prise en charge SS<\/em>) pour  <strong>1 heure 15 minutes de massage<\/strong><\/p>\n\n\n\n<p>Secteur : <br>Loupian, M\u00e8ze, Balaruc-le-Vieux, Balaruc-les-Bains, Montbazin, Poussan, Mireval, Vic-la-Gardiole, Frontignan,   (<em>me contacter pour tout autre secteur<\/em>)<\/p>\n\n\n\n<p>Contact (prise de rendez-vous) :<br>Le plus simple 7 jours\/7 : <strong>f.linee34@free.fr<\/strong><br>Et sinon, du mardi au vendredi par t\u00e9l\u00e9phone : 04 67 74 32 50<\/p>\n\n\n\n<p><\/p>\n\n\n<div class=\"wp-block-image\">\n<figure class=\"alignleft size-medium\"><img loading=\"lazy\" decoding=\"async\" width=\"300\" height=\"162\" src=\"https:\/\/actekine.fr\/wp-content\/uploads\/2024\/02\/AGM-300x162.jpg\" alt=\"\" class=\"wp-image-1288\" srcset=\"https:\/\/actekine.fr\/wp-content\/uploads\/2024\/02\/AGM-300x162.jpg 300w, https:\/\/actekine.fr\/wp-content\/uploads\/2024\/02\/AGM.jpg 590w\" sizes=\"(max-width: 300px) 100vw, 300px\" \/><\/figure><\/div>\n\n\n<p><em>Le massage est l\u2019une des plus anciennes th\u00e9rapies connues de l\u2019homme. Les premi\u00e8res \u00e9critures traitant du massage viennent de Chine et remontent \u00e0 3 000 ans avant J\u00e9sus Christ.<br>Les Grecs antiques et les Romains utilisaient le massage pour pr\u00e9server la sant\u00e9 et favoriser la gu\u00e9rison. Les m\u00e9decins Grecs et Romains prescrivaient des massages apr\u00e8s une bataille en raison de leur pouvoir reconstituant et de mani\u00e8re plus g\u00e9n\u00e9rale pour l\u2019entretien de la sant\u00e9 mentale et physique. Homer \u00e9crivait au sujet d\u2019un m\u00e9lange huileux utilis\u00e9 pour le massage 1 000 ans avant J\u00e9sus Christ. Hippocrate, le p\u00e8re de la m\u00e9decine moderne conseillait de prendre un bain aromatique et d\u2019avoir un massage parfum\u00e9 quotidiennement pour l\u2019entretien de la sant\u00e9. Ceci \u00e9tait bas\u00e9 sur ses recherches sur les b\u00e9n\u00e9fices d\u2019un massage r\u00e9gulier.<\/em><\/p>\n\n\n<div class=\"wp-block-image\">\n<figure class=\"aligncenter size-full is-resized\"><img loading=\"lazy\" decoding=\"async\" width=\"734\" height=\"532\" src=\"https:\/\/actekine.fr\/wp-content\/uploads\/2024\/02\/Plan-massages-1.jpg\" alt=\"\" class=\"wp-image-1292\" style=\"width:494px;height:auto\" srcset=\"https:\/\/actekine.fr\/wp-content\/uploads\/2024\/02\/Plan-massages-1.jpg 734w, https:\/\/actekine.fr\/wp-content\/uploads\/2024\/02\/Plan-massages-1-300x217.jpg 300w\" sizes=\"(max-width: 734px) 100vw, 734px\" \/><\/figure><\/div>\n\n\n<p class=\"has-text-align-center\"><strong>* Les massages de confort peuvent aussi \u00eatre r\u00e9alis\u00e9s au cabinet sur des plages horaires de \u00ab\u00a0temps calme\u00a0\u00bb <\/strong>:<br><strong>30 minutes &#8211; 35\u20ac<br>45 minutes &#8211; 50\u20ac<\/strong><\/p>\n","protected":false},"excerpt":{"rendered":"<p>S&rsquo;offrir un massage \u00e0 domicile* c&rsquo;est s&rsquo;autoriser une pause pour s&rsquo;\u00e9vader: un temps pour soi. Certes, certains de mes protocoles th\u00e9rapeutiques au cabinet sont constitu\u00e9s de massages (cf. lien), je propose aussi des massages de confort \u00e0 domicile. Vous \u00eates unique, alors chacune de vos s\u00e9ances le sera aussi et s&rsquo;adaptera \u00e0 vos attentes (massages [&hellip;]<\/p>\n","protected":false},"author":2,"featured_media":0,"parent":0,"menu_order":0,"comment_status":"closed","ping_status":"closed","template":"","meta":{"footnotes":""},"yoast_head":"<!-- This site is optimized with the Yoast SEO plugin v21.7 - https:\/\/yoast.com\/wordpress\/plugins\/seo\/ -->\n<title>Massages \u00e0 domicile* - Fr\u00e9d\u00e9ric LINEE, Masseur-Kin\u00e9sith\u00e9rapeute \u00e0 Loupian<\/title>\n<meta name=\"robots\" content=\"index, follow, max-snippet:-1, max-image-preview:large, max-video-preview:-1\" \/>\n<link rel=\"canonical\" href=\"https:\/\/actekine.fr\/index.php\/massages-a-domicile\/\" \/>\n<meta property=\"og:locale\" content=\"fr_FR\" \/>\n<meta property=\"og:type\" content=\"article\" \/>\n<meta property=\"og:title\" content=\"Massages \u00e0 domicile* - Fr\u00e9d\u00e9ric LINEE, Masseur-Kin\u00e9sith\u00e9rapeute \u00e0 Loupian\" \/>\n<meta property=\"og:description\" content=\"S&rsquo;offrir un massage \u00e0 domicile* c&rsquo;est s&rsquo;autoriser une pause pour s&rsquo;\u00e9vader: un temps pour soi. Certes, certains de mes protocoles th\u00e9rapeutiques au cabinet sont constitu\u00e9s de massages (cf. lien), je propose aussi des massages de confort \u00e0 domicile. Vous \u00eates unique, alors chacune de vos s\u00e9ances le sera aussi et s&rsquo;adaptera \u00e0 vos attentes (massages [&hellip;]\" \/>\n<meta property=\"og:url\" content=\"https:\/\/actekine.fr\/index.php\/massages-a-domicile\/\" \/>\n<meta property=\"og:site_name\" content=\"Fr\u00e9d\u00e9ric LINEE, Masseur-Kin\u00e9sith\u00e9rapeute \u00e0 Loupian\" \/>\n<meta property=\"article:modified_time\" content=\"2025-03-27T13:18:48+00:00\" \/>\n<meta property=\"og:image\" content=\"http:\/\/actekine.fr\/wp-content\/uploads\/2020\/05\/massage.jpg\" \/>\n<meta name=\"twitter:card\" content=\"summary_large_image\" \/>\n<meta name=\"twitter:label1\" content=\"Dur\u00e9e de lecture estim\u00e9e\" \/>\n\t<meta name=\"twitter:data1\" content=\"3 minutes\" \/>\n<script type=\"application\/ld+json\" class=\"yoast-schema-graph\">{\"@context\":\"https:\/\/schema.org\",\"@graph\":[{\"@type\":\"WebPage\",\"@id\":\"https:\/\/actekine.fr\/index.php\/massages-a-domicile\/\",\"url\":\"https:\/\/actekine.fr\/index.php\/massages-a-domicile\/\",\"name\":\"Massages \u00e0 domicile* - Fr\u00e9d\u00e9ric LINEE, Masseur-Kin\u00e9sith\u00e9rapeute \u00e0 Loupian\",\"isPartOf\":{\"@id\":\"http:\/\/actekine.fr\/#website\"},\"datePublished\":\"2024-01-08T17:59:47+00:00\",\"dateModified\":\"2025-03-27T13:18:48+00:00\",\"breadcrumb\":{\"@id\":\"https:\/\/actekine.fr\/index.php\/massages-a-domicile\/#breadcrumb\"},\"inLanguage\":\"fr-FR\",\"potentialAction\":[{\"@type\":\"ReadAction\",\"target\":[\"https:\/\/actekine.fr\/index.php\/massages-a-domicile\/\"]}]},{\"@type\":\"BreadcrumbList\",\"@id\":\"https:\/\/actekine.fr\/index.php\/massages-a-domicile\/#breadcrumb\",\"itemListElement\":[{\"@type\":\"ListItem\",\"position\":1,\"name\":\"Accueil\",\"item\":\"http:\/\/actekine.fr\/\"},{\"@type\":\"ListItem\",\"position\":2,\"name\":\"Massages \u00e0 domicile*\"}]},{\"@type\":\"WebSite\",\"@id\":\"http:\/\/actekine.fr\/#website\",\"url\":\"http:\/\/actekine.fr\/\",\"name\":\"Fr\u00e9d\u00e9ric LINEE, Masseur-Kin\u00e9sith\u00e9rapeute \u00e0 Loupian\",\"description\":\"Un site utilisant WordPress\",\"potentialAction\":[{\"@type\":\"SearchAction\",\"target\":{\"@type\":\"EntryPoint\",\"urlTemplate\":\"http:\/\/actekine.fr\/?s={search_term_string}\"},\"query-input\":\"required name=search_term_string\"}],\"inLanguage\":\"fr-FR\"}]}<\/script>\n<!-- \/ Yoast SEO plugin. -->","yoast_head_json":{"title":"Massages \u00e0 domicile* - Fr\u00e9d\u00e9ric LINEE, Masseur-Kin\u00e9sith\u00e9rapeute \u00e0 Loupian","robots":{"index":"index","follow":"follow","max-snippet":"max-snippet:-1","max-image-preview":"max-image-preview:large","max-video-preview":"max-video-preview:-1"},"canonical":"https:\/\/actekine.fr\/index.php\/massages-a-domicile\/","og_locale":"fr_FR","og_type":"article","og_title":"Massages \u00e0 domicile* - Fr\u00e9d\u00e9ric LINEE, Masseur-Kin\u00e9sith\u00e9rapeute \u00e0 Loupian","og_description":"S&rsquo;offrir un massage \u00e0 domicile* c&rsquo;est s&rsquo;autoriser une pause pour s&rsquo;\u00e9vader: un temps pour soi. Certes, certains de mes protocoles th\u00e9rapeutiques au cabinet sont constitu\u00e9s de massages (cf. lien), je propose aussi des massages de confort \u00e0 domicile. Vous \u00eates unique, alors chacune de vos s\u00e9ances le sera aussi et s&rsquo;adaptera \u00e0 vos attentes (massages [&hellip;]","og_url":"https:\/\/actekine.fr\/index.php\/massages-a-domicile\/","og_site_name":"Fr\u00e9d\u00e9ric LINEE, Masseur-Kin\u00e9sith\u00e9rapeute \u00e0 Loupian","article_modified_time":"2025-03-27T13:18:48+00:00","og_image":[{"url":"http:\/\/actekine.fr\/wp-content\/uploads\/2020\/05\/massage.jpg"}],"twitter_card":"summary_large_image","twitter_misc":{"Dur\u00e9e de lecture estim\u00e9e":"3 minutes"},"schema":{"@context":"https:\/\/schema.org","@graph":[{"@type":"WebPage","@id":"https:\/\/actekine.fr\/index.php\/massages-a-domicile\/","url":"https:\/\/actekine.fr\/index.php\/massages-a-domicile\/","name":"Massages \u00e0 domicile* - Fr\u00e9d\u00e9ric LINEE, Masseur-Kin\u00e9sith\u00e9rapeute \u00e0 Loupian","isPartOf":{"@id":"http:\/\/actekine.fr\/#website"},"datePublished":"2024-01-08T17:59:47+00:00","dateModified":"2025-03-27T13:18:48+00:00","breadcrumb":{"@id":"https:\/\/actekine.fr\/index.php\/massages-a-domicile\/#breadcrumb"},"inLanguage":"fr-FR","potentialAction":[{"@type":"ReadAction","target":["https:\/\/actekine.fr\/index.php\/massages-a-domicile\/"]}]},{"@type":"BreadcrumbList","@id":"https:\/\/actekine.fr\/index.php\/massages-a-domicile\/#breadcrumb","itemListElement":[{"@type":"ListItem","position":1,"name":"Accueil","item":"http:\/\/actekine.fr\/"},{"@type":"ListItem","position":2,"name":"Massages \u00e0 domicile*"}]},{"@type":"WebSite","@id":"http:\/\/actekine.fr\/#website","url":"http:\/\/actekine.fr\/","name":"Fr\u00e9d\u00e9ric LINEE, Masseur-Kin\u00e9sith\u00e9rapeute \u00e0 Loupian","description":"Un site utilisant WordPress","potentialAction":[{"@type":"SearchAction","target":{"@type":"EntryPoint","urlTemplate":"http:\/\/actekine.fr\/?s={search_term_string}"},"query-input":"required name=search_term_string"}],"inLanguage":"fr-FR"}]}},"_links":{"self":[{"href":"https:\/\/actekine.fr\/index.php\/wp-json\/wp\/v2\/pages\/1250"}],"collection":[{"href":"https:\/\/actekine.fr\/index.php\/wp-json\/wp\/v2\/pages"}],"about":[{"href":"https:\/\/actekine.fr\/index.php\/wp-json\/wp\/v2\/types\/page"}],"author":[{"embeddable":true,"href":"https:\/\/actekine.fr\/index.php\/wp-json\/wp\/v2\/users\/2"}],"replies":[{"embeddable":true,"href":"https:\/\/actekine.fr\/index.php\/wp-json\/wp\/v2\/comments?post=1250"}],"version-history":[{"count":15,"href":"https:\/\/actekine.fr\/index.php\/wp-json\/wp\/v2\/pages\/1250\/revisions"}],"predecessor-version":[{"id":1408,"href":"https:\/\/actekine.fr\/index.php\/wp-json\/wp\/v2\/pages\/1250\/revisions\/1408"}],"wp:attachment":[{"href":"https:\/\/actekine.fr\/index.php\/wp-json\/wp\/v2\/media?parent=1250"}],"curies":[{"name":"wp","href":"https:\/\/api.w.org\/{rel}","templated":true}]}}